d - 1a21?
903c
In base 16, what is -5 + -6f4d19?
-6f4d1e
In base 11, what is 0 - 9730159?
-9730159
In base 11, what is 146a120 - -11?
146a131
In base 13, what is 1173 - -2c0b7?
3025a
In base 15, what is -1b1866 + 8?
-1b185d
In base 9, what is 1066600 + 62?
1066662
In base 15, what is 9a4c + 2ee?
9d4b
In base 8, what is 6305 + 10505?
17012
In base 7, what is 245 + 406203?
406451
In base 5, what is -210214000 + -10?
-210214010
In base 2, what is -100100110101100101010011 + 1?
-100100110101100101010010
In base 11, what is 2 - -14035a1?
14035a3
In base 16, what is -c2764b - 3?
-c2764e
In base 3, what is -1001220202121 + 2100?
-1001220200021
In base 6, what is 230 + -44225?
-43555
In base 16, what is 34e - 7a06f?
-79d21
In base 4, what is 2 + -121112031111?
-121112031103
In base 7, what is -24 - -5036221?
5036164
In base 5, what is -2 - -11433234033?
11433234031
In base 15, what is -5 - 1b73c4c?
-1b73c52
In base 15, what is 1c - -1c26d7?
1c2704
In base 12, what is 1240 + -2239?
-bb9
In base 13, what is -381a - 709?
-4226
In base 5, what is 1103001213243 + 1?
1103001213244
In base 15, what is 15a815 + 4?
15a819
In base 14, what is 0 + -1454c5?
-1454c5
In base 2, what is 10011101000 + -1101001011110101?
-1100111000001101
In base 11, what is -1284a + -5?
-12854
In base 10, what is -38700 - 896?
-39596
In base 14, what is -282c8 - -83?
-28245
In base 14, what is -435c596 - 3?
-435c599
In base 16, what is 5f1edc - -9?
5f1ee5
In base 3, what is 1000201122201 - -1020011?
1000202212212
In base 15, what is -bbdca - 44?
-bbe1e
In base 11, what is -52728a - 5a5?
-527884
In base 9, what is 66 - 1115348?
-1115272
In base 6, what is 421 + 24042301?
24043122
In base 6, what is -20552510130 - 4?
-20552510134
In base 7, what is 5 + 4101100256?
4101100264
In base 12, what is 71 - 850?
-79b
In base 5, what is 2 - -201412021242?
201412021244
In base 8, what is 7131030 + -4?
7131024
In base 16, what is 11 + 83db49?
83db5a
In base 11, what is -203641a - 79?
-2036498
In base 2, what is -101111111000 + -111001?
-110000110001
In base 8, what is -41112736 - -5?
-41112731
In base 13, what is 6 - 29537?
-29531
In base 4, what is -10033203121 - 122?
-10033203303
In base 6, what is 150 - 1042002?
-1041412
In base 2, what is 110001101001101001010011 - -1?
110001101001101001010100
In base 4, what is 12222100 + -2020?
12220020
In base 12, what is -3099999 + 1?
-3099998
In base 13, what is -56 - -482a86?
482a30
In base 11, what is 78a736 - -24?
78a75a
In base 10, what is -4 - 13743108?
-13743112
In base 7, what is -1 + -55432433?
-55432434
In base 11, what is -1486a25 + 2?
-1486a23
In base 15, what is -1 + -8194339?
-819433a
In base 16, what is 0 - 54a019?
-54a019
In base 11, what is 143451101 - 2?
1434510aa
In base 2, what is -111000100111100101111 + -1011011?
-111000100111110001010
In base 15, what is 11c72c - -bc?
11c7e9
In base 12, what is 236a + -6973b?
-67391
In base 12, what is 190898 + -14?
190884
In base 11, what is -67119 + -9?
-67127
In base 2, what is 100011100 - -1110100010111111100?
1110100011100011000
In base 7, what is -13164 + 55143?
41646
In base 2, what is 10011101 - 101100111110101001?
-101100111100001100
In base 3, what is 1221120 + 200222210?
202221100
In base 5, what is -1404020201 + 2?
-1404020144
In base 11, what is -2a72a02 - -5?
-2a729a8
In base 13, what is 9c150a23 + -3?
9c150a20
In base 5, what is 1234111320 - 132?
1234111133
In base 8, what is -112 - -771523?
771411
In base 10, what is 48219949 + -3?
48219946
In base 13, what is -6a7c - -4225?
-2857
In base 13, what is -1956b - -392?
-191a9
In base 4, what is -3322303312 - -13200?
-3322230112
In base 8, what is -102550 + 14233?
-66315
In base 7, what is 1055 + -2013102?
-2012014
In base 4, what is 3222 - -1120102230?
1120112112
In base 15, what is -284abc + -8d?
-284b5a
In base 10, what is -37 - -934076?
934039
In base 11, what is 2 - 31364853?
-31364851
In base 12, what is -87a15 + 242?
-87793
In base 13, what is -1a768261 - 0?
-1a768261
In base 14, what is -253 + d7a?
b27
In base 13, what is -1a54378 + 3c?
-1a54339
In base 4, what is 3 - 11011233031120?
-11011233031111
In base 15, what is -1 + -2569e8?
-2569e9
In base 14, what is 10a193 + 13?
10a1a6
In base 5, what is -30 - -2414141220?
2414141140
In base 12, what is -39 + -11b562?
-11b59b
In base 7, what is -11 - 653421624?
-653421635
In base 16, what is -6f - -47d04?
47c95
In base 8, what is 6 + -732760?
-732752
In base 13, what is 635067 + 17?
635081
In base 10, what is 1887 + -86642?
-84755
In base 9, what is -1317 - -7072?
5654
In base 12, what is 142aa - -3aa?
14698
In base 14, what is 5a4965a + 0?
5a4965a
In base 4, what is -13221 - -1221022?
1201201
In base 5, what is -23231130140 + 3?
-23231130132
In base 6, what is 21004315 + 34?
21004353
In base 12, what is -4 + a556b36?
a556b32
In base 9, what is 250642 + 77?
250730
In base 10, what is -1151 - -46?
-1105
In base 6, what is -42315 + 2102305?
2015550
In base 13, what is 1503a30 + -4?
1503a29
In base 13, what is 17 - -30561b?
305635
In base 2, what is 10110000000100001001111 + -100?
10110000000100001001011
In base 12, what is 3971092 - -1?
3971093
In base 3, what is -222202221022 + 20?
-222202221002
In base 4, what is 221021020011 - -302?
221021020313
In base 9, what is -401 + 3548?
3147
In base 4, what is 111323331120 - -10?
111323331130
In base 15, what is 411 - -3cc8?
41d9
In base 2, what is 1000000000100000111 - -1011010111?
1000000001111011110
In base 8, what is -6026 + -55023?
-63051
In base 9, what is -742302823 + 5?
-742302817
In base 2, what is -10101110101000 + -1000110010101110?
-1011100001010110
In base 12, what is -1837565 + 2?
-1837563
In base 8, what is -3076460334 - 2?
-3076460336
In base 13, what is -18 - -3218b3?
321898
In base 16, what is 1db04 - -ad?
1dbb1
In base 16, what is 10715c - -14?
107170
In base 16, what is -228961 - -21?
-228940
In base 14, what is -d269097 + -5?
-d26909c
In base 15, what is -9154e45 - -5?
-9154e40
In base 2, what is 101 - -1101101011011101010111011?
1101101011011101011000000
In base 8, what is 3674643 - 113?
3674530
In base 13, what is -1 + -575ab48?
-575ab49
In base 8, what is -1 + 217633324?
217633323
In base 2, what is -11001110 - -100100000100111100101?
100100000100100010111
In base 4, what is 20303213 + 2331233?
23301112
In base 13, what is 169c + -73c?
c60
In base 2, what is -101101101 - -1111101101100101?
1111100111111000
In base 13, what is 4620a7 - 5?
4620a2
In base 10, what is -5 + -296517612?
-296517617
In base 7, what is 4062301 - 1152?
4061116
In base 7, what is -2 + 363631053?
363631051
In base 14, what is a153479 - 0?
a153479
In base 14, what is -b96 - -c5c?
a6
In base 16, what is 696d - 14a4?
54c9
In base 7, what is 6036 + 4635?
14004
In base 5, what is 40 - 103101021?
-103100431
In base 6, what is 132032 + -344444?
-212412
In base 14, what is 9 - -4a97d3?
4a97dc
In base 10, what is 15 + 1804805?
1804820
In base 8, what is 2 + -304737?
-304735
In base 2, what is -1010110000000101011 + -1?
-1010110000000101100
In base 4, what is 101030131 - -13320?
101110111
In base 12, what is b8 + a3199?
a3295
In base 8, what is -5 - 5505204?
-5505211
In base 13, what is -6 + -388b98?
-388ba1
In base 8, what is 633 + 67701?
70534
In base 13, what is 26 - -23256?
2327c
In base 15, what is 6b1c73 + 5?
6b1c78
In base 10, what is -15 + 264240?
264225
In base 2, what is -10100010 + 10100010001100000?
10100001110111110
In base 16, what is -3 + -14877f?
-148782
In base 9, what is 150388 + 4?
150403
In base 14, what is -26b84 - 244?
-26dc8
In base 5, what is 42322334 - -12?
42322401
In base 6, what is 2153223 + 150?
2153413
In base 13, what is 31 + -21c770a?
-21c76a9
In base 12, what is -132 - -2727b?
27149
In base 7, what is 14344140263 + 3?
14344140266
In base 2, what is -100101101101111010000000001 + -101?
-100101101101111010000000110
In base 4, what is -13000 + 130213?
111213
In base 2, what is 100101011111011100000100 + 11?
100101011111011100000111
In base 2, what is -11110110010001 - -10101000011?
-11100001001110
In base 15, what is -312 - -ae6a4?
ae392
In base 13, what is 6ac669 - 1c?
6ac64a
In base 16, what is 33 - -dcda?
dd0d
In base 10, what is 32 - -4830804?
4830836
In base 8, what is -44 - 25571?
-25635
In base 11, what is 271 - a390?
